 be ((-10)/(10/l))/1. List the prime factors of (26/k)/(9 + -8).
13
Let w = 41 - 41. Let p = 89 - w. What are the prime factors of p?
89
Suppose -7*b = 15 - 29. Suppose k - 100 = -5*l, -4*l = b*k - 0*l - 194. What are the prime factors of k?
5, 19
Let h = -2960 + 4780. List the prime factors of h.
2, 5, 7, 13
Let j = -2 - -1. Let l(d) = 22*d**3 + 8*d**2 - 2*d + 5. Let m(x) = 23*x**3 + 10*x**2 - 3*x + 6. Let a(p) = -5*l(p) + 4*m(p). List the prime factors of a(j).
19
Let n(o) = o**2 + 4*o - 82. List the prime factors of n(13).
139
List the prime factors of 1/((-4)/9)*-668.
3, 167
Suppose -u - 8*r = -4*r - 528, 0 = 4*r - 20. What are the prime factors of u?
2, 127
Let s(o) = -o. Let b(h) = h**2 - h + 1. Let c(p) = 4*b(p) + s(p). What are the prime factors of c(5)?
79
Let v(g) = -12 - 3 + 12*g - 16*g. Let f be v(-10). Let b = -2 + f. List the prime factors of b.
23
Let y = 8 + -3. Suppose -61 = -y*j - 21. What are the prime factors of j/3*(-330)/(-20)?
2, 11
Let s(d) be the second derivative of -d**3/6 - 3*d**2/2 - 7*d. Let m be s(3). What are the prime factors of m/(-9) - (-74)/6?
13
Let m(d) = 16*d**2 - 7*d - 24. What are the prime factors of m(-6)?
2, 3, 11
Suppose -2*j - 332 = -2*h, 0*j = 2*h + 2*j - 348. What are the prime factors of (4 + 17/(-5))*h/2?
3, 17
Let m be -9*2/(-12)*262/3. Suppose 0 = -3*g + 482 - m. List the prime factors of g.
3, 13
Suppose 4*u - 11 = -3. Suppose -2*h - 96 = u*h. List the prime factors of 645/12 - 6/h.
2, 3
Suppose -80*g + 7924 = -78*g. What are the prime factors of g?
2, 7, 283
Suppose 3798 = 2*f - p, 5*p + 2517 - 10113 = -4*f. List the prime factors of f.
3, 211
Suppose 0*h + 2*h = -4*r + 18, -r = -4*h. Let w(x) be the second derivative of x**5/20 - x**4/6 - 3*x**2 + 3*x. List the prime factors of w(r).
2, 13
Suppose 9*g - 8302 = -2767. What are the prime factors of g?
3, 5, 41
Suppose -18 = -3*o + 3. Let a(g) = o*g - 9 + 4 - 5. List the prime factors of a(4).
2, 3
Let z be 1230*(3 - (-10)/(-4)). Suppose 3*d = -2*d + 5*v + z, 2*v = 0. What are the prime factors of d?
3, 41
Let k = 169 - -39. What are the prime factors of k?
2, 13
Suppose 0 = 4*w + 2*o - 10732, -29078 + 4932 = -9*w - 4*o. What are the prime factors of w?
2, 3, 149
Let b be 5*6/180 + (-2)/12. Let s(y) = 3*y + 57. What are the prime factors of s(b)?
3, 19
Let i be (3 + 2)*(-18)/(-10). Let m(g) be the first derivative of g**2/2 - 7*g + 6. What are the prime factors of m(i)?
2
Let q = 396 - 230. List the prime factors of q.
2, 83
Suppose -609 = 41*y - 42*y. List the prime factors of y.
3, 7, 29
Let n(g) = -7*g. Let y(a) = -a - 1. Let c(t) = n(t) - 6*y(t). List the prime factors of c(-8).
2, 7
Suppose -j - 4 + 3 = 0, 0 = 3*k - j - 11959. What are the prime factors of k?
2, 1993
Let j = 3400 + -386. List the prime factors of j.
2, 11, 137
Let m(x) = 18*x + 7. Let h be m(-2). Let s = -9 - h. Suppose -4*r = -68 - s. List the prime factors of r.
2, 11
Let w = 1 - -2. Suppose 51*i - 1000 = 11*i. Suppose -5*n + 107 = -q, -5*q = -w*n + 48 + i. What are the prime factors of n?
3, 7
Suppose 12 = 3*w + 3*x, -3*x + 17 = 4*w + 4. List the prime factors of (537/(-6))/(w/(-2)).
179
Suppose 5*b = -16 - 19. Let m be (1 - (4 + -2))*b. What are the prime factors of 4 + m + (-3 - -1)?
3
Let m = 2 + 4. Let f(q) = -4*q + 11 + 11*q - m*q. List the prime factors of f(0).
11
Let n = -1 + 5. Suppose n*w - 15 - 5 = 0. Suppose -w = -g + 6. List the prime factors of g.
11
Let w(x) = -2*x**3 - 15*x**2 + 6*x - 16. Let g be w(-8). Suppose -22*r + 2634 + 1590 = g. What are the prime factors of r?
2, 3
Let g be -1 + (1 - 1) - -4. Suppose -10*z + g*p + 868 = -6*z, 2*p + 864 = 4*z. List the prime factors of z.
2, 107
Suppose 2*o + 4698 = 8*o. What are the prime factors of o?
3, 29
Let l = 1637 + -260. List the prime factors of l.
3, 17
Let t(a) = 51*a**2 + 57*a + 319. List the prime factors of t(-5).
7, 11, 17
Let n(h) = 43*h**2 - 12*h + 18. List the prime factors of n(5).
1033
Suppose 9250 = 15*a - 4025. What are the prime factors of a?
3, 5, 59
Suppose 2*f = 2*w - 332 - 2318, -2670 = -2*w - 3*f. List the prime factors of w.
3, 443
Suppose 972*d - 19193 = 955*d. What are the prime factors of d?
1129
Let d be (-3)/(-4) + (-40038)/(-24). Suppose 11*v - d - 322 = 0. What are the prime factors of v?
181
Let n = -1816 - -3245. List the prime factors of n.
1429
Let i(c) be the second derivative of 2*c**3 + 3*c**2/2 + 6*c. List the prime factors of i(5).
3, 7
Let f(a) = 4*a**3 + 6*a**2 + 11*a - 87. What are the prime factors of f(5)?
2, 3, 103
Suppose -5*d - 6853 = -2*p - 21815, 4*d = -2*p + 11984. What are the prime factors of d?
2, 3, 499
Let i(v) = v**2 - 9*v + 2. Let t be i(13). Suppose 0*u = z - u - t, 4*z - 240 = -4*u. List the prime factors of z.
3, 19
Let x = -4 + 19. Suppose -10*v = -5*v - 120. Let c = x + v. What are the prime factors of c?
3, 13
Let z be (-22)/(-8) - (-12)/(-16). Suppose z*h - 8*h + 582 = 0. List the prime factors of h.
97
Let b(t) = -t**3 - 11*t + 25. Let g be b(3). Suppose 4*s - 4*z + 17 + 35 = 0, -4 = 3*s + 4*z. List the prime factors of s + 5 - (g + -2).
2, 17
Let t(m) = -m**2 - 19*m - 37. Let v be t(-18). Let n = 57 - v. What are the prime factors of n?
2, 19
Let r(w) = -20*w**2 - w + 1. Let x be r(1). Let b be x/(-16) - 1/4. Let p = 7 - b. What are the prime factors of p?
2, 3
Suppose -9 = o - 4. Let q = o - -53. List the prime factors of q.
2, 3
Let m = 66 - -105. List the prime factors of m.
3, 19
List the prime factors of (0 - 4846)/(3 - -15 - 20).
2423
Let z(m) = -m**3 + 14*m**2 + 30*m + 32. Let d be z(16). Suppose -29*w + 32*w - 342 = d. List the prime factors of w.
2, 3, 19
Let c(t) = 310*t**3 - 32*t**2 + 62*t + 1. What are the prime factors of c(2)?
2477
Let h(p) = -p**2 - 2*p + 2. Suppose -2*r + 3 = -1. Let o be h(r). What are the prime factors of (-150)/o + -2 + 0?
23
What are the prime factors of -8 - 3203/(-2) - 4/(-8)?
2, 797
Let z(r) be the first derivative of r**3/3 - 4*r**2 - 8*r + 1. Let s be z(9). Let q(w) = 9*w**3 + w**2 - 3*w + 2. What are the prime factors of q(s)?
3
Let n = -274 - -651. List the prime factors of n.
13, 29
Let y be (-18 - -14) + (-145 - -1). Let w = -11 - y. List the prime factors of w.
137
List the prime factors of 560/60*(-498)/(-7).
2, 83
Let p(y) be the first derivative of -3*y**2 + 6*y + 4. Let q be p(-6). Suppose 0 = 5*k - q + 7. What are the prime factors of k?
7
Suppose -5*s + 60*h - 61*h = -12119, -4*s + 5*h = -9672. List the prime factors of s.
2423
Let w = -14 + 26. Suppose 5*l - w = 8. Suppose 5*a + 6 - l = 3*g, 14 = g + a. What are the prime factors of g?
3
Let k be 3/9 - 57/9. Let d be 82 + 3/k*-6. Let m = d - 61. What are the prime factors of m?
2, 3
Suppose 0 = -8*l + 7*l - 2. Let d be (-5276)/16 - l/(-8). List the prime factors of ((-1)/3)/(10/d).
11
Suppose -98*z + 2728 = -90*z. What are the prime factors of z?
11, 31
Suppose -43*d + 58100 - 10886 = 0. What are the prime factors of d?
2, 3, 61
Let x(o) = o**3 - 17*o**2 - 16*o + 25. Suppose -37 = -2*q - l, 3*l + 39 = 5*q - 48. List the prime factors of x(q).
61
Let i(a) = 41*a**2 - 7*a - 1. Suppose -6 = 8*p + 10. List the prime factors of i(p).
3, 59
Let d(m) = 7*m - 1. Let t be d(-1). Let v(q) = 20 - 4*q + 3*q - 28 - 4*q. List the prime factors of v(t).
2
Let g(q) = q**3 - 5*q**2 + 6*q - 6. Let u be g(5). Suppose -2*i + 103 - 21 = 0. Let k = i - u. What are the prime factors of k?
17
Let t be 0/((-12)/15 - (-27)/15). Suppose -5*f - 2 = -6*f. Suppose f*j - 2 = -r, -5*j = -t*j + 5*r. What are the prime factors of j?
2
Let v = 9 - 13. Let q(a) = -10*a - 4. Let y be q(v). List the prime factors of (1/(-1))/((-4)/y).
3
What are the prime factors of -5 - (-12425)/(12 + -7)?
2, 5, 31
Suppose 0 = 3*r - 3 - 3. Suppose -r*d = d + 546. What are the prime factors of (d/28)/(1/(-2))?
13
Let i(p) = p**3 + 9*p**2 - 12*p + 6. Let d be i(-10). Let w = 25 - d. What are the prime factors of (4/(-5))/(w/55)?
2, 11
Let y = 516 - -264. What are the prime factors of (y/8)/5 - 3/(-2)?
3, 7
Let d = 71 - -397. What are the prime factors of d?
2, 3, 13
Suppose -4*a - 26 = -i - 2*i, 5*i - 3*a - 25 = 0. Suppose -4*r + 10 = i*c, r + 4*c + 1 = -0. Suppose -r*x + 12 = -x. List the prime factors of x.
2, 3
Suppose 3 = -3*l + 15. Suppose 52 + 24 = -l*u. List the prime factors of 